213
What are the prime factors of 1818297191?
1818297191
What are the prime factors of 19870303?
191, 104033
List the prime factors of 2199662094.
2, 3, 7, 251, 208657
List the prime factors of 44757474.
2, 3, 67, 111337
What are the prime factors of 196191240?
2, 3, 5, 7, 311, 751
List the prime factors of 2075628919.
7, 13, 29, 223, 3527
What are the prime factors of 961144144?
2, 229, 262321
List the prime factors of 363570271.
107, 3397853
What are the prime factors of 1984232794?
2, 992116397
What are the prime factors of 27744954?
2, 3, 71, 65129
What are the prime factors of 69296845?
5, 17, 815257
List the prime factors of 10255260.
2, 3, 5, 170921
List the prime factors of 27094291.
7, 3870613
What are the prime factors of 370648108?
2, 92662027
What are the prime factors of 26705017?
71, 376127
List the prime factors of 147341900.
2, 5, 1473419
List the prime factors of 1621185591.
3, 2503, 215899
List the prime factors of 238223006.
2, 7, 17, 23, 6217
List the prime factors of 78003425.
5, 3120137
List the prime factors of 154171119.
3, 37, 569, 2441
What are the prime factors of 512729719?
1201, 426919
List the prime factors of 300830963.
17, 17695939
What are the prime factors of 91832534?
2, 103, 445789
List the prime factors of 334470818.
2, 11, 17, 599, 1493
List the prime factors of 1013949515.
5, 59, 3437117
List the prime factors of 46912455.
3, 5, 31, 33629
List the prime factors of 108900852.
2, 3, 157, 57803
List the prime factors of 64612504.
2, 11, 734233
What are the prime factors of 219962667?
3, 53, 191, 7243
What are the prime factors of 1350990912?
2, 3, 31, 61
List the prime factors of 622983801.
3, 11, 18878297
List the prime factors of 70199887.
23, 131, 1013
List the prime factors of 21014231.
7, 457, 6569
What are the prime factors of 240770171?
359, 670669
List the prime factors of 49776388.
2, 12444097
List the prime factors of 72211512.
2, 3, 17, 176989
List the prime factors of 13217205.
3, 5, 881147
List the prime factors of 314698216.
2, 7, 19, 295769
What are the prime factors of 1950520287?
3, 7853, 82793
List the prime factors of 866507284.
2, 41, 127, 41603
List the prime factors of 837362921.
61, 13727261
What are the prime factors of 893392798?
2, 446696399
What are the prime factors of 143308159?
143308159
List the prime factors of 327004278.
2, 3, 54500713
What are the prime factors of 2061678447?
3, 76358461
What are the prime factors of 16178592?
2, 3, 168527
List the prime factors of 5107728592.
2, 319233037
What are the prime factors of 1141386213?
3, 11, 1607, 21523
What are the prime factors of 586287954?
2, 3, 7, 29, 281, 571
What are the prime factors of 3444449495?
5, 688889899
What are the prime factors of 57876022?
2, 43, 672977
List the prime factors of 1254031390.
2, 5, 167, 750917
List the prime factors of 4269021243.
3, 137, 10386913
What are the prime factors of 5473793023?
23, 1103, 215767
List the prime factors of 68116206.
2, 3, 11352701
List the prime factors of 2186915795.
5, 601, 727759
List the prime factors of 602453814.
2, 3, 31, 3238999
What are the prime factors of 1006332125?
5, 127, 63391
What are the prime factors of 3318685162?
2, 13, 127641737
List the prime factors of 2045478737.
2045478737
What are the prime factors of 30126997?
30126997
What are the prime factors of 221023784?
2, 41, 43, 15671
List the prime factors of 3077029.
31, 99259
List the prime factors of 331665871.
103, 409, 7873
What are the prime factors of 1364055307?
1951, 699157
What are the prime factors of 314075640?
2, 3, 5, 673, 3889
What are the prime factors of 793311905?
5, 158662381
List the prime factors of 869418694.
2, 41, 10602667
What are the prime factors of 1344113913?
3, 448037971
List the prime factors of 44790323.
199, 225077
List the prime factors of 4610849801.
4610849801
List the prime factors of 3164802604.
2, 1103, 717317
What are the prime factors of 122350685?
5, 23, 1063919
List the prime factors of 37504551.
3, 7, 255133
List the prime factors of 731663857.
731663857
What are the prime factors of 808839930?
2, 3, 5, 26961331
What are the prime factors of 1386828531?
3, 11, 14008369
List the prime factors of 3469566104.
2, 433695763
What are the prime factors of 6620317?
11, 563, 1069
What are the prime factors of 207938707?
1193, 174299
What are the prime factors of 48312241?
991, 48751
What are the prime factors of 1956555029?
11, 13, 523, 26161
List the prime factors of 80796579.
3, 239, 112687
List the prime factors of 173654388.
2, 3, 17, 94583
What are the prime factors of 325766349?
3, 571, 63391
List the prime factors of 1147779493.
7, 19, 401, 21521
What are the prime factors of 40493128?
2, 13, 389357
What are the prime factors of 2619395863?
7, 374199409
List the prime factors of 50996793.
3, 61, 278671
List the prime factors of 5450436755.
5, 29, 37589219
What are the prime factors of 342461496?
2, 3, 13, 1097633
What are the prime factors of 2460119335?
5, 19, 97, 14051
List the prime factors of 47757387.
3, 15919129
List the prime factors of 63863297.
389, 164173
List the prime factors of 5087177011.
7, 103819939
List the prime factors of 236508986.
2, 7, 2413357
List the prime factors of 2748288242.
2, 7, 196306303
List the prime factors of 161475413.
11, 257, 57119
List the prime factors of 113934436.
2, 7, 11, 369917
List the prime factors of 600079531.
313, 1917187
List the prime factors of 125171541.
3, 11, 421453
What are the prime factors of 49469940?
2, 3, 5, 13, 29
List the prime factors of 8134210823.
55799, 145777
List the prime factors of 49096547.
3539, 13873
What are the prime factors of 45312749?
41, 139, 7951
What are the prime factors of 120442562?
2, 2731, 22051
What are the prime factors of 55754839?
7, 7964977
What are the prime factors of 53211850?
2, 5, 41, 101, 257
What are the prime factors of 37015743?
3, 19, 41, 47, 337
What are the prime factors of 62843311?
101, 503, 1237
What are the prime factors of 5181827618?
2, 11, 103, 2286773
List the prime factors of 1011862100.
2, 5, 17, 19, 31327
What are the prime factors of 108393828?
2, 3, 61, 148079
What are the prime factors of 514329672?
2, 3, 21430403
What are the prime factors of 5692504225?
5, 227700169
List the prime factors of 605135088.
2, 3, 4202327
What are the prime factors of 33239300?
2, 5, 332393
List the prime factors of 2584659732.
2, 3, 1217, 176983
List the prime factors of 1365539939.
131, 1163, 8963
List the prime factors of 75786858.
2, 3, 7, 19, 31657
What are the prime factors of 473325744?
2, 3, 653, 15101
What are the prime factors of 2064155370?
2, 3, 5, 68805179
List the prime factors of 1701240.
2, 3, 5, 14177
List the prime factors of 1181071855.
5, 17, 13894963
List the prime factors of 47164569.
3, 271, 58013
What are the prime factors of 22057928?
2, 461, 5981
What are the prime factors of 57426392?
2, 7178299
List the prime factors of 45053174.
2, 22526587
List the prime factors of 2719620398.
2, 11, 37, 43, 77699
What are the prime factors of 309431280?
2, 3, 5, 17, 149, 509
What are the prime factors of 898163696?
2, 347, 161773
List the prime factors of 338240554.
2, 79, 2140763
What are the prime factors of 936019266?
2, 3, 7, 13, 37, 6619
List the prime factors of 83017621.
8627, 9623
What are the prime factors of 1661892909?
3, 553964303
What are the prime factors of 190769716?
2, 17, 139, 20183
List the prime factors of 2413748967.
3, 7, 29, 47, 1721
What are the prime factors of 486127001?
107, 4543243
List the prime factors of 323966417.
4079, 79423
List the prime factors of 5673635853.
3, 1891211951
List the prime factors of 23529209.
11, 193, 11083
What are the prime factors of 757953886?
2, 4027, 94109
List the prime factors of 1004092152.
2, 3, 7, 2203, 2713
What are the prime factors of 1445357391?
3, 17, 107, 173, 1531
List the prime factors of 372481462.
2, 2957, 62983
List the prime factors of 1089447.
3, 363149
List the prime factors of 1113653.
17, 109, 601
What are the prime factors of 75748695?
3, 5, 11, 167, 2749
List the prime factors of 367553244.
2, 3, 59, 229, 2267
List the prime factors of 72217041.
3, 13, 1851719
What are the prime factors of 190728704?
2, 151, 2467
What are the prime factors of 1356131841?
3, 452043947